{"id":2168,"date":"2025-09-05T10:30:33","date_gmt":"2025-09-05T08:30:33","guid":{"rendered":"https:\/\/www.albert-schweitzer-schule-wiesbaden.de\/?page_id=2168"},"modified":"2026-02-04T15:46:04","modified_gmt":"2026-02-04T14:46:04","slug":"zweig-geistige-entwicklung","status":"publish","type":"page","link":"https:\/\/www.albert-schweitzer-schule-wiesbaden.de\/index.php\/foerderschule\/zweig-geistige-entwicklung\/","title":{"rendered":"F\u00f6rderschwerpunkt geistige Entwicklung"},"content":{"rendered":"\n<p>Zum Schuljahr 2025\/26 wurde das station\u00e4re System der Albert-Schweitzer-Schule im Rahmen einer Organisations\u00e4nderung um einen <strong>Zweig im F\u00f6rderschwerpunkt geistige Entwicklung (gE)<\/strong> erweitert.<\/p>\n\n\n\n<p>In aktuell zwei Grundstufenklassen werden nun also auch Kinder mit Anspruch auf sonderp\u00e4dagogische F\u00f6rderung mit dem F\u00f6rderschwerpunkt gE an unserer Schule unterrichtet.<\/p>\n\n\n\n<p>Unterricht und Erziehung in diesem Bildungsgang orientieren sich an der Lebensrealit\u00e4t sowie an den individuellen Voraussetzungen, St\u00e4rken und Unterst\u00fctzungsbedarfen der Sch\u00fclerinnen und Sch\u00fcler. Ziel ist es, gleichberechtigte Teilhabe an Bildung, Kultur und Gesellschaft zu erm\u00f6glichen und Barrieren f\u00fcr Lernen, Kommunikation und Beteiligung abzubauen.<\/p>\n\n\n\n<p>Im Mittelpunkt steht der Erwerb von Kompetenzen und Kulturtechniken, die die Sch\u00fclerinnen und Sch\u00fcler bef\u00e4higen, ihre Pers\u00f6nlichkeit zu entfalten, Verantwortung f\u00fcr das eigene Leben zu \u00fcbernehmen und ihr Leben m\u00f6glichst selbstbestimmt mitzugestalten. Dabei wird die Vielfalt individueller Lernwege ausdr\u00fccklich anerkannt und ber\u00fccksichtigt.<\/p>\n\n\n\n<p><\/p>\n","protected":false},"excerpt":{"rendered":"<p>Zum Schuljahr 2025\/26 wurde das station\u00e4re System der Albert-Schweitzer-Schule im Rahmen einer Organisations\u00e4nderung um einen Zweig im F\u00f6rderschwerpunkt geistige Entwicklung &hellip; <\/p>\n","protected":false},"author":2,"featured_media":0,"parent":16,"menu_order":0,"comment_status":"closed","ping_status":"closed","template":"","meta":{"footnotes":""},"class_list":["post-2168","page","type-page","status-publish","hentry","latest_post"],"_links":{"self":[{"href":"https:\/\/www.albert-schweitzer-schule-wiesbaden.de\/index.php\/wp-json\/wp\/v2\/pages\/2168","targetHints":{"allow":["GET"]}}],"collection":[{"href":"https:\/\/www.albert-schweitzer-schule-wiesbaden.de\/index.php\/wp-json\/wp\/v2\/pages"}],"about":[{"href":"https:\/\/www.albert-schweitzer-schule-wiesbaden.de\/index.php\/wp-json\/wp\/v2\/types\/page"}],"author":[{"embeddable":true,"href":"https:\/\/www.albert-schweitzer-schule-wiesbaden.de\/index.php\/wp-json\/wp\/v2\/users\/2"}],"replies":[{"embeddable":true,"href":"https:\/\/www.albert-schweitzer-schule-wiesbaden.de\/index.php\/wp-json\/wp\/v2\/comments?post=2168"}],"version-history":[{"count":6,"href":"https:\/\/www.albert-schweitzer-schule-wiesbaden.de\/index.php\/wp-json\/wp\/v2\/pages\/2168\/revisions"}],"predecessor-version":[{"id":2315,"href":"https:\/\/www.albert-schweitzer-schule-wiesbaden.de\/index.php\/wp-json\/wp\/v2\/pages\/2168\/revisions\/2315"}],"up":[{"embeddable":true,"href":"https:\/\/www.albert-schweitzer-schule-wiesbaden.de\/index.php\/wp-json\/wp\/v2\/pages\/16"}],"wp:attachment":[{"href":"https:\/\/www.albert-schweitzer-schule-wiesbaden.de\/index.php\/wp-json\/wp\/v2\/media?parent=2168"}],"curies":[{"name":"wp","href":"https:\/\/api.w.org\/{rel}","templated":true}]}}