{"id":211,"date":"2022-02-22T14:43:23","date_gmt":"2022-02-22T13:43:23","guid":{"rendered":"http:\/\/schweitzer.wiesan.de\/wordpress\/?page_id=211"},"modified":"2026-05-06T17:32:29","modified_gmt":"2026-05-06T15:32:29","slug":"schulsozialarbeit","status":"publish","type":"page","link":"https:\/\/www.albert-schweitzer-schule-wiesbaden.de\/index.php\/schulsozialarbeit\/","title":{"rendered":"Schulsozialarbeit"},"content":{"rendered":"\n<p>Die Schulsozialarbeit ist seit \u00fcber 40 Jahren ein fester Bestandteil des st\u00e4dtischen Jugendhilfeangebots in Tr\u00e4gerschaft des Amtes f\u00fcr Soziale Arbeit der Landeshauptstadt Wiesbaden. Die Schulsozialarbeit gibt es an der Albert-Schweitzer-Schule seit 2012 und wir betreuen die Klassenstufen 5 bis 10.<\/p>\n\n\n\n<p><strong>3-Stufen-Modell<\/strong><\/p>\n\n\n\n<p>Die Schulsozialarbeit ist inhaltlich in drei Stufen aufeinander aufgebaut und bildet die Grundlage f\u00fcr die Arbeit und Angebote der Schulsozialarbeiterin.<\/p>\n\n\n\n<p><u>Stufe 1<\/u>: Einmal pro Woche finden von der 5. bis zur 10. Klasse jeweils Klassenbetreuungsstunden statt, in denen wir mit euch unterschiedliche Themen bearbeiten. Themen k\u00f6nnen hier beispielweise sein: St\u00e4rkung der Klassengemeinschaft, Soziales Kompetenztraining oder erlebnisp\u00e4dagogische Kompetenzen ausbauen.<\/p>\n\n\n\n<p><u>Stufe 2<\/u>: Nachmittags bieten wir unterschiedliche AG- und Gruppenangebote an, mit unterschiedlichen thematischen Inhalten. Zudem sind auch w\u00e4hrend des Schuljahres interessante Tagesausfl\u00fcge geplant. Zu Beginn der Sommerferien steht meist eine einw\u00f6chige Sommerfreizeit an.<\/p>\n\n\n\n<p><u>Stufe 3<\/u>: Wir sind auch Ansprechpartner f\u00fcr dich und deine Familie bei schulischen und famili\u00e4ren Problemen oder belastenden Themen, die ein Gespr\u00e4ch bed\u00fcrfen.<\/p>\n\n\n\n<p><strong>Kompetenz-Entwicklungsprogramm<\/strong><\/p>\n\n\n\n<p>Ab dem Jahrgang 8 und in den SchLiB Klassen ab dem Jahrgang 9, beraten und unterst\u00fctzen wir euch im Rahmen der Berufsorientierung und des \u00dcbergangs von der Schule zum Beruf. Hierzu z\u00e4hlen beispielweise die Feststellung individueller Kompetenzen, das Erlernen des Erstellens von Bewerbungsunterlagen und Ein\u00fcben von Bewerbungsgespr\u00e4chen sowie Angebote f\u00fcr bestimmte Sch\u00fclerinnen und Sch\u00fcler in den F\u00f6rderkursen Deutsch und Mathematik.<\/p>\n\n\n\n<div class=\"wp-block-media-text has-media-on-the-right is-stacked-on-mobile\" style=\"grid-template-columns:auto 31%\"><div class=\"wp-block-media-text__content\">\n<p class=\"has-text-align-left\">Ausf\u00fchrliche Informationen \u00fcber die Schulsozialarbeit findest du auf <a href=\"https:\/\/www.wiesbaden.de\/leben-in-wiesbaden\/gesellschaft-soziales\/soziale-dienste\/Schulsozialarbeit-Jugend\" target=\"_blank\" rel=\"noreferrer noopener\">Schulsozialarbeit Jugend | Landeshauptstadt Wiesbaden<\/a><\/p>\n<\/div><figure class=\"wp-block-media-text__media\"><a href=\"https:\/\/www.wiesbaden.de\/leben-in-wiesbaden\/gesellschaft-soziales\/soziale-dienste\/Schulsozialarbeit-Jugend\" target=\"_blank\" rel=\" noreferrer noopener\"><img loading=\"lazy\" decoding=\"async\" width=\"1024\" height=\"539\" src=\"https:\/\/www.albert-schweitzer-schule-wiesbaden.de\/wp-content\/uploads\/2025\/06\/Logo_Schulsozialarbeit-1024x539.png\" alt=\"\" class=\"wp-image-2117 size-full\" srcset=\"https:\/\/www.albert-schweitzer-schule-wiesbaden.de\/wp-content\/uploads\/2025\/06\/Logo_Schulsozialarbeit-1024x539.png 1024w, https:\/\/www.albert-schweitzer-schule-wiesbaden.de\/wp-content\/uploads\/2025\/06\/Logo_Schulsozialarbeit-300x158.png 300w, https:\/\/www.albert-schweitzer-schule-wiesbaden.de\/wp-content\/uploads\/2025\/06\/Logo_Schulsozialarbeit-768x405.png 768w, https:\/\/www.albert-schweitzer-schule-wiesbaden.de\/wp-content\/uploads\/2025\/06\/Logo_Schulsozialarbeit-1536x809.png 1536w, https:\/\/www.albert-schweitzer-schule-wiesbaden.de\/wp-content\/uploads\/2025\/06\/Logo_Schulsozialarbeit-2048x1079.png 2048w\" sizes=\"auto, (max-width: 1024px) 100vw, 1024px\" \/><\/a><\/figure><\/div>\n\n\n\n<p><\/p>\n\n\n\n<h2 class=\"wp-block-heading\"><strong>Das sind wir:<\/strong><\/h2>\n\n\n\n<div class=\"wp-block-columns has-background is-layout-flex wp-container-core-columns-is-layout-9d6595d7 wp-block-columns-is-layout-flex\" style=\"background-color:#a9d9db\">\n<div class=\"wp-block-column is-layout-flow wp-block-column-is-layout-flow\" style=\"flex-basis:340px\">\n<p><strong><strong>Anna Sch\u00e4fer<\/strong><\/strong><\/p>\n\n\n\n<p>Schulsozialarbeiterin<\/p>\n\n\n\n<p><strong>Kontakt:<\/strong><\/p>\n\n\n\n<p>Tel.: 06134\/ 603377<\/p>\n\n\n\n<p><a href=\"mailto:Anna.Schaefer@wiesbaden.de\">anna.schaefer@wiesbaden.de<\/a><\/p>\n<\/div>\n\n\n\n<div class=\"wp-block-column is-layout-flow wp-block-column-is-layout-flow\">\n<p><strong>Florian Karst<\/strong><\/p>\n\n\n\n<p>Schulsozialarbeiter<\/p>\n\n\n\n<p><strong>Kontakt:<\/strong><\/p>\n\n\n\n<p>Tel.: 06134\/ 603379<\/p>\n\n\n\n<p><a href=\"mailto:florian.karst@wiesbaden.de\">florian.karst@wiesbaden.de<\/a><\/p>\n<\/div>\n<\/div>\n","protected":false},"excerpt":{"rendered":"<p>Die Schulsozialarbeit ist seit \u00fcber 40 Jahren ein fester Bestandteil des st\u00e4dtischen Jugendhilfeangebots in Tr\u00e4gerschaft des Amtes f\u00fcr Soziale Arbeit &hellip; <\/p>\n","protected":false},"author":1,"featured_media":0,"parent":0,"menu_order":0,"comment_status":"closed","ping_status":"closed","template":"","meta":{"footnotes":""},"class_list":["post-211","page","type-page","status-publish","hentry","latest_post"],"_links":{"self":[{"href":"https:\/\/www.albert-schweitzer-schule-wiesbaden.de\/index.php\/wp-json\/wp\/v2\/pages\/211","targetHints":{"allow":["GET"]}}],"collection":[{"href":"https:\/\/www.albert-schweitzer-schule-wiesbaden.de\/index.php\/wp-json\/wp\/v2\/pages"}],"about":[{"href":"https:\/\/www.albert-schweitzer-schule-wiesbaden.de\/index.php\/wp-json\/wp\/v2\/types\/page"}],"author":[{"embeddable":true,"href":"https:\/\/www.albert-schweitzer-schule-wiesbaden.de\/index.php\/wp-json\/wp\/v2\/users\/1"}],"replies":[{"embeddable":true,"href":"https:\/\/www.albert-schweitzer-schule-wiesbaden.de\/index.php\/wp-json\/wp\/v2\/comments?post=211"}],"version-history":[{"count":25,"href":"https:\/\/www.albert-schweitzer-schule-wiesbaden.de\/index.php\/wp-json\/wp\/v2\/pages\/211\/revisions"}],"predecessor-version":[{"id":2396,"href":"https:\/\/www.albert-schweitzer-schule-wiesbaden.de\/index.php\/wp-json\/wp\/v2\/pages\/211\/revisions\/2396"}],"wp:attachment":[{"href":"https:\/\/www.albert-schweitzer-schule-wiesbaden.de\/index.php\/wp-json\/wp\/v2\/media?parent=211"}],"curies":[{"name":"wp","href":"https:\/\/api.w.org\/{rel}","templated":true}]}}