{"id":209,"date":"2022-02-22T14:42:56","date_gmt":"2022-02-22T13:42:56","guid":{"rendered":"http:\/\/schweitzer.wiesan.de\/wordpress\/?page_id=209"},"modified":"2025-02-27T08:54:44","modified_gmt":"2025-02-27T07:54:44","slug":"leseclub-schuelerbibliothek","status":"publish","type":"page","link":"https:\/\/www.albert-schweitzer-schule-wiesbaden.de\/index.php\/leseclub-schuelerbibliothek\/","title":{"rendered":"Leseclub\/ Sch\u00fclerbibliothek"},"content":{"rendered":"\n<p>&#8222;Die Stiftung Lesen ist Programmpartner im F\u00f6rderprogramm \u201eKultur macht stark. B\u00fcndnisse f\u00fcr Bildung&#8220; des Bundesministeriums f\u00fcr Bildung und Forschung. Um die Lesemotivation und Medienkompetenz von Kindern und Jugendlichen in ganz Deutschland zu steigern, werden Leseclubs (\u2026) in vielen verschiedenen Kinder- und Jugendeinrichtungen aufgebaut und unterst\u00fctzt.\u201c (<a href=\"https:\/\/www.leseclubs.de\/\" data-type=\"URL\" data-id=\"https:\/\/www.leseclubs.de\/\">leseclubs.de<\/a>)<\/p>\n\n\n\n<p>Die Albert-Schweitzer-Schule hat als erste F\u00f6rderschule Deutschlands einen solchen Leseclub ins Leben gerufen. Zurzeit findet dieser 1x\/Woche f\u00fcr eine heterogene Gruppe aus den Klassen 2-7 statt. Dort werden meist in spielerischer Weise die Sch\u00fclerinnen und Sch\u00fcler zu jeder Art des Lesens motiviert. Die Stiftung Lesen stattet die Einrichtungen mit Mobiliar, verschiedensten Medien und nat\u00fcrlich mit zahlreichen B\u00fcchern aus. Au\u00dferdem werden f\u00fcr die Leseclub-Lehrkr\u00e4fte mehrfach im Jahr Fortbildungen mit innovativen Ideen rund ums Lesen angeboten. All das wird von der Stiftung Lesen finanziert.<\/p>\n\n\n\n<p>Was genau wir in unserem Leseclub machen, k\u00f6nnt ihr dem Tagebuch des Leseclubs entnehmen!<\/p>\n\n\n\n<p>Viel Spa\u00df beim darin St\u00f6bern!<\/p>\n\n\n\n<div class=\"wp-block-file\"><a id=\"wp-block-file--media-eaf10ef5-ead2-4b9d-a027-9dd56d57ffd8\" href=\"https:\/\/www.albert-schweitzer-schule-wiesbaden.de\/wp-content\/uploads\/2022\/06\/Teil-1-Tagebuch-des-Leseclubs-der-Albert-Schweitzer-Schule.pdf\">Teil-1-Tagebuch-des-Leseclubs-der-Albert-Schweitzer-Schule<\/a><a href=\"https:\/\/www.albert-schweitzer-schule-wiesbaden.de\/wp-content\/uploads\/2022\/06\/Teil-1-Tagebuch-des-Leseclubs-der-Albert-Schweitzer-Schule.pdf\" class=\"wp-block-file__button wp-element-button\" download aria-describedby=\"wp-block-file--media-eaf10ef5-ead2-4b9d-a027-9dd56d57ffd8\">Herunterladen<\/a><\/div>\n\n\n\n<div class=\"wp-block-group\"><div class=\"wp-block-group__inner-container is-layout-flow wp-block-group-is-layout-flow\">\n<div class=\"wp-block-columns are-vertically-aligned-bottom is-layout-flex wp-container-core-columns-is-layout-9d6595d7 wp-block-columns-is-layout-flex\">\n<div class=\"wp-block-column is-vertically-aligned-bottom is-layout-flow wp-block-column-is-layout-flow\" style=\"flex-basis:100%\"><\/div>\n<\/div>\n<\/div><\/div>\n","protected":false},"excerpt":{"rendered":"<p>&#8222;Die Stiftung Lesen ist Programmpartner im F\u00f6rderprogramm \u201eKultur macht stark. B\u00fcndnisse f\u00fcr Bildung&#8220; des Bundesministeriums f\u00fcr Bildung und Forschung. Um &hellip; <\/p>\n","protected":false},"author":1,"featured_media":0,"parent":0,"menu_order":0,"comment_status":"closed","ping_status":"closed","template":"","meta":{"footnotes":""},"class_list":["post-209","page","type-page","status-publish","hentry","latest_post"],"_links":{"self":[{"href":"https:\/\/www.albert-schweitzer-schule-wiesbaden.de\/index.php\/wp-json\/wp\/v2\/pages\/209","targetHints":{"allow":["GET"]}}],"collection":[{"href":"https:\/\/www.albert-schweitzer-schule-wiesbaden.de\/index.php\/wp-json\/wp\/v2\/pages"}],"about":[{"href":"https:\/\/www.albert-schweitzer-schule-wiesbaden.de\/index.php\/wp-json\/wp\/v2\/types\/page"}],"author":[{"embeddable":true,"href":"https:\/\/www.albert-schweitzer-schule-wiesbaden.de\/index.php\/wp-json\/wp\/v2\/users\/1"}],"replies":[{"embeddable":true,"href":"https:\/\/www.albert-schweitzer-schule-wiesbaden.de\/index.php\/wp-json\/wp\/v2\/comments?post=209"}],"version-history":[{"count":8,"href":"https:\/\/www.albert-schweitzer-schule-wiesbaden.de\/index.php\/wp-json\/wp\/v2\/pages\/209\/revisions"}],"predecessor-version":[{"id":2062,"href":"https:\/\/www.albert-schweitzer-schule-wiesbaden.de\/index.php\/wp-json\/wp\/v2\/pages\/209\/revisions\/2062"}],"wp:attachment":[{"href":"https:\/\/www.albert-schweitzer-schule-wiesbaden.de\/index.php\/wp-json\/wp\/v2\/media?parent=209"}],"curies":[{"name":"wp","href":"https:\/\/api.w.org\/{rel}","templated":true}]}}