{"id":203,"date":"2022-02-22T14:40:22","date_gmt":"2022-02-22T13:40:22","guid":{"rendered":"http:\/\/schweitzer.wiesan.de\/wordpress\/?page_id=203"},"modified":"2025-09-29T13:29:14","modified_gmt":"2025-09-29T11:29:14","slug":"bo-stufe","status":"publish","type":"page","link":"https:\/\/www.albert-schweitzer-schule-wiesbaden.de\/index.php\/bo-stufe\/","title":{"rendered":"BO-Stufe"},"content":{"rendered":"\n<p>Die Sch\u00fclerinnen und Sch\u00fcler <strong>ab Jahrgangstufe 7<\/strong> besuchen die Berufsorientierungsstufe an der Albert-Schweitzer-Schule. Der Schwerpunkt in der BO-Stufe liegt im Erwerb und der Vertiefung berufspraktischer Kenntnisse und Fertigkeiten mit dem Ziel, die Schule mit dem <strong>berufsorientierten Abschluss<\/strong> erfolgreich zu beenden.<\/p>\n\n\n\n<p>Neben den regul\u00e4ren Unterrichtsf\u00e4chern gibt es pro Halbjahr verpflichtende <strong>Blockpraktika<\/strong> (2-3 Wochen je nach Jahrgangsstufe). <strong>Betriebsbesichtigungen<\/strong> werden nach M\u00f6glichkeit ebenfalls einmal im Halbjahr durchgef\u00fchrt. Im Stundenplan ist das Fach Arbeitslehre fest verortet, in dem entweder f\u00fcr die Klasse gekocht wird oder ein w\u00f6chentlicher Kiosk-Verkauf f\u00fcr die Schule durchgef\u00fchrt wird.<\/p>\n\n\n\n<p>Im dreimonatigen Turnus w\u00e4hlen sich die Sch\u00fclerinnen und Sch\u00fcler ihren Interessen entsprechend in <a href=\"https:\/\/www.albert-schweitzer-schule-wiesbaden.de\/index.php\/bo-stufe\/praxiskurse\/\"><strong>Praxiskurse<\/strong> <\/a>ein. Diese finden in einem dreist\u00fcndigen Unterrichtsblock w\u00f6chentlich statt. Zurzeit gibt es die Wahl zwischen den Praxiskursen <strong>Holzverarbeitung, Maler\/Lackierer, Hauswirtschaft, Pflege, Computer und Fris\u00f6r<\/strong>. F\u00fcr einige der Praxiskurse haben wir externe Fachleute gewinnen k\u00f6nnen, wie Fris\u00f6rmeisterin und Schreinermeister sowie eine Pflegefachkraft.<\/p>\n\n\n\n<p>Zu Beginn der Berufsorientierung nehmen die Sch\u00fclerinnen und Sch\u00fcler an einem zweiw\u00f6chigen <strong>Berufsorientierungspraktikum (BOP)<\/strong> der IBW Innovation Bildung Wiesbaden teil, in dem sie in handwerklichen Berufsfeldern wie Betonbau, Holzbau und Fliesenleger praktische Eindr\u00fccke gewinnen und diese ausprobieren k\u00f6nnen.<\/p>\n\n\n\n<p>Au\u00dferdem betreut die BO-Stufe den schuleigenen Acker im Rahmen des <strong>Projekts \u201eAckerdemie\u201c<\/strong>: Die Sch\u00fclerinnen und Sch\u00fcler bewirtschaften ein St\u00fcck Garten auf dem Schulgel\u00e4nde und ernten Gem\u00fcse, um es in der Schulk\u00fcche weiterzuverarbeiten.<\/p>\n\n\n\n<p>Als weitere berufsvorbereitende Ma\u00dfnahme nehmen die Sch\u00fclerinnen und Sch\u00fcler der BO am <strong>Projekt \u201e<a href=\"https:\/\/www.albert-schweitzer-schule-wiesbaden.de\/index.php\/bo-bauhaus\/\" target=\"_blank\" rel=\"noopener\">BO-BauHaus<\/a>\u201c<\/strong> teil.<\/p>\n\n\n\n<p>Des Weiteren kooperiert die Albert-Schweitzer-Schule mit der Agentur f\u00fcr Arbeit. Dabei wird durch eine individuelle Beratung und Begleitung der Sch\u00fclerinnen und Sch\u00fcler und Eltern der \u00dcbergang ins Berufsleben, in ein Ausbildungsverh\u00e4ltnis oder in eine schulische Weiterbildung nach dem Ende der Schulzeit geplant.<\/p>\n","protected":false},"excerpt":{"rendered":"<p>Die Sch\u00fclerinnen und Sch\u00fcler ab Jahrgangstufe 7 besuchen die Berufsorientierungsstufe an der Albert-Schweitzer-Schule. Der Schwerpunkt in der BO-Stufe liegt im &hellip; <\/p>\n","protected":false},"author":1,"featured_media":0,"parent":0,"menu_order":0,"comment_status":"closed","ping_status":"closed","template":"","meta":{"footnotes":""},"class_list":["post-203","page","type-page","status-publish","hentry","latest_post"],"_links":{"self":[{"href":"https:\/\/www.albert-schweitzer-schule-wiesbaden.de\/index.php\/wp-json\/wp\/v2\/pages\/203","targetHints":{"allow":["GET"]}}],"collection":[{"href":"https:\/\/www.albert-schweitzer-schule-wiesbaden.de\/index.php\/wp-json\/wp\/v2\/pages"}],"about":[{"href":"https:\/\/www.albert-schweitzer-schule-wiesbaden.de\/index.php\/wp-json\/wp\/v2\/types\/page"}],"author":[{"embeddable":true,"href":"https:\/\/www.albert-schweitzer-schule-wiesbaden.de\/index.php\/wp-json\/wp\/v2\/users\/1"}],"replies":[{"embeddable":true,"href":"https:\/\/www.albert-schweitzer-schule-wiesbaden.de\/index.php\/wp-json\/wp\/v2\/comments?post=203"}],"version-history":[{"count":10,"href":"https:\/\/www.albert-schweitzer-schule-wiesbaden.de\/index.php\/wp-json\/wp\/v2\/pages\/203\/revisions"}],"predecessor-version":[{"id":2203,"href":"https:\/\/www.albert-schweitzer-schule-wiesbaden.de\/index.php\/wp-json\/wp\/v2\/pages\/203\/revisions\/2203"}],"wp:attachment":[{"href":"https:\/\/www.albert-schweitzer-schule-wiesbaden.de\/index.php\/wp-json\/wp\/v2\/media?parent=203"}],"curies":[{"name":"wp","href":"https:\/\/api.w.org\/{rel}","templated":true}]}}